{"id":3151,"date":"2017-02-26T21:26:25","date_gmt":"2017-02-26T20:26:25","guid":{"rendered":"http:\/\/www.locomotives-historiques-lausanne.ch\/?page_id=3151"},"modified":"2023-05-21T12:22:46","modified_gmt":"2023-05-21T10:22:46","slug":"depot_2017","status":"publish","type":"page","link":"https:\/\/locomotives-historiques-lausanne.ch\/nds\/depot_2017\/","title":{"rendered":"depot_2017"},"content":{"rendered":"<p><span style=\"font-family: arial, helvetica, sans-serif; font-size: 18pt;\">Journ\u00e9es de travail 2017 au d\u00e9p\u00f4t de Saint-Maurice (VS)<\/span><\/p>\n\n\nngg_shortcode_0_placeholder\n","protected":false},"excerpt":{"rendered":"<p>Journ\u00e9es de travail 2017 au d\u00e9p\u00f4t de Saint-Maurice (VS)<\/p>\n","protected":false},"author":1,"featured_media":0,"parent":0,"menu_order":0,"comment_status":"closed","ping_status":"closed","template":"","meta":{"ngg_post_thumbnail":0,"footnotes":""},"class_list":["post-3151","page","type-page","status-publish","hentry"],"_links":{"self":[{"href":"https:\/\/locomotives-historiques-lausanne.ch\/nds\/wp-json\/wp\/v2\/pages\/3151","targetHints":{"allow":["GET"]}}],"collection":[{"href":"https:\/\/locomotives-historiques-lausanne.ch\/nds\/wp-json\/wp\/v2\/pages"}],"about":[{"href":"https:\/\/locomotives-historiques-lausanne.ch\/nds\/wp-json\/wp\/v2\/types\/page"}],"author":[{"embeddable":true,"href":"https:\/\/locomotives-historiques-lausanne.ch\/nds\/wp-json\/wp\/v2\/users\/1"}],"replies":[{"embeddable":true,"href":"https:\/\/locomotives-historiques-lausanne.ch\/nds\/wp-json\/wp\/v2\/comments?post=3151"}],"version-history":[{"count":11,"href":"https:\/\/locomotives-historiques-lausanne.ch\/nds\/wp-json\/wp\/v2\/pages\/3151\/revisions"}],"predecessor-version":[{"id":10806,"href":"https:\/\/locomotives-historiques-lausanne.ch\/nds\/wp-json\/wp\/v2\/pages\/3151\/revisions\/10806"}],"wp:attachment":[{"href":"https:\/\/locomotives-historiques-lausanne.ch\/nds\/wp-json\/wp\/v2\/media?parent=3151"}],"curies":[{"name":"wp","href":"https:\/\/api.w.org\/{rel}","templated":true}]}}